{"id":3808,"date":"2019-06-11T00:28:27","date_gmt":"2019-06-11T03:28:27","guid":{"rendered":"https:\/\/kriocomics.com.br\/site\/wp-content\/uploads\/2019\/06\/Celebrando-a-gera\u00e7\u00e3o-50-Fernanda-Abreu-Toni-Garrido-e-DJ-Mem\u00ea.jpg"},"modified":"2019-06-11T00:28:27","modified_gmt":"2019-06-11T03:28:27","slug":"celebrando-a-geracao-50-fernanda-abreu-toni-garrido-e-dj-meme","status":"inherit","type":"attachment","link":"https:\/\/kriocomics.com.br\/site\/celebrando-a-geracao-50-fernanda-abreu-toni-garrido-e-dj-meme\/","title":{"rendered":"Celebrando a gera\u00e7\u00e3o 50+, Fernanda Abreu, Toni Garrido e DJ Mem\u00ea"},"author":2,"featured_media":0,"comment_status":"open","ping_status":"closed","template":"","meta":{"sfsi_plus_gutenberg_text_before_share":"","sfsi_plus_gutenberg_show_text_before_share":"","sfsi_plus_gutenberg_icon_type":"","sfsi_plus_gutenberg_icon_alignemt":"","sfsi_plus_gutenburg_max_per_row":""},"class_list":["post-3808","attachment","type-attachment","status-inherit","hentry"],"description":{"rendered":"<p class=\"attachment\"><a href='https:\/\/kriocomics.com.br\/site\/wp-content\/uploads\/2019\/06\/Celebrando-a-gera\u00e7\u00e3o-50-Fernanda-Abreu-Toni-Garrido-e-DJ-Mem\u00ea.jpg'><img loading=\"lazy\" decoding=\"async\" width=\"300\" height=\"300\" src=\"https:\/\/kriocomics.com.br\/site\/wp-content\/uploads\/2019\/06\/Celebrando-a-gera\u00e7\u00e3o-50-Fernanda-Abreu-Toni-Garrido-e-DJ-Mem\u00ea-300x300.jpg\" class=\"attachment-medium size-medium\" alt=\"\" srcset=\"https:\/\/kriocomics.com.br\/site\/wp-content\/uploads\/2019\/06\/Celebrando-a-gera\u00e7\u00e3o-50-Fernanda-Abreu-Toni-Garrido-e-DJ-Mem\u00ea-300x300.jpg 300w, https:\/\/kriocomics.com.br\/site\/wp-content\/uploads\/2019\/06\/Celebrando-a-gera\u00e7\u00e3o-50-Fernanda-Abreu-Toni-Garrido-e-DJ-Mem\u00ea-150x150.jpg 150w, https:\/\/kriocomics.com.br\/site\/wp-content\/uploads\/2019\/06\/Celebrando-a-gera\u00e7\u00e3o-50-Fernanda-Abreu-Toni-Garrido-e-DJ-Mem\u00ea-100x100.jpg 100w, https:\/\/kriocomics.com.br\/site\/wp-content\/uploads\/2019\/06\/Celebrando-a-gera\u00e7\u00e3o-50-Fernanda-Abreu-Toni-Garrido-e-DJ-Mem\u00ea.jpg 450w\" sizes=\"auto, (max-width: 300px) 100vw, 300px\" \/><\/a><\/p>\n"},"caption":{"rendered":""},"alt_text":"","media_type":"image","mime_type":"image\/jpeg","media_details":{"width":450,"height":450,"file":"2019\/06\/Celebrando-a-gera\u00e7\u00e3o-50-Fernanda-Abreu-Toni-Garrido-e-DJ-Mem\u00ea.jpg","sizes":{"thumbnail":{"file":"Celebrando-a-gera\u00e7\u00e3o-50-Fernanda-Abreu-Toni-Garrido-e-DJ-Mem\u00ea-150x150.jpg","width":150,"height":150,"mime_type":"image\/jpeg","source_url":"https:\/\/kriocomics.com.br\/site\/wp-content\/uploads\/2019\/06\/Celebrando-a-gera\u00e7\u00e3o-50-Fernanda-Abreu-Toni-Garrido-e-DJ-Mem\u00ea-150x150.jpg"},"medium":{"file":"Celebrando-a-gera\u00e7\u00e3o-50-Fernanda-Abreu-Toni-Garrido-e-DJ-Mem\u00ea-300x300.jpg","width":300,"height":300,"mime_type":"image\/jpeg","source_url":"https:\/\/kriocomics.com.br\/site\/wp-content\/uploads\/2019\/06\/Celebrando-a-gera\u00e7\u00e3o-50-Fernanda-Abreu-Toni-Garrido-e-DJ-Mem\u00ea-300x300.jpg"},"colormag-highlighted-post":{"file":"Celebrando-a-gera\u00e7\u00e3o-50-Fernanda-Abreu-Toni-Garrido-e-DJ-Mem\u00ea-392x272.jpg","width":392,"height":272,"mime_type":"image\/jpeg","source_url":"https:\/\/kriocomics.com.br\/site\/wp-content\/uploads\/2019\/06\/Celebrando-a-gera\u00e7\u00e3o-50-Fernanda-Abreu-Toni-Garrido-e-DJ-Mem\u00ea-392x272.jpg"},"colormag-featured-post-medium":{"file":"Celebrando-a-gera\u00e7\u00e3o-50-Fernanda-Abreu-Toni-Garrido-e-DJ-Mem\u00ea-390x205.jpg","width":390,"height":205,"mime_type":"image\/jpeg","source_url":"https:\/\/kriocomics.com.br\/site\/wp-content\/uploads\/2019\/06\/Celebrando-a-gera\u00e7\u00e3o-50-Fernanda-Abreu-Toni-Garrido-e-DJ-Mem\u00ea-390x205.jpg"},"colormag-featured-post-small":{"file":"Celebrando-a-gera\u00e7\u00e3o-50-Fernanda-Abreu-Toni-Garrido-e-DJ-Mem\u00ea-130x90.jpg","width":130,"height":90,"mime_type":"image\/jpeg","source_url":"https:\/\/kriocomics.com.br\/site\/wp-content\/uploads\/2019\/06\/Celebrando-a-gera\u00e7\u00e3o-50-Fernanda-Abreu-Toni-Garrido-e-DJ-Mem\u00ea-130x90.jpg"},"colormag-featured-image":{"file":"Celebrando-a-gera\u00e7\u00e3o-50-Fernanda-Abreu-Toni-Garrido-e-DJ-Mem\u00ea-450x445.jpg","width":450,"height":445,"mime_type":"image\/jpeg","source_url":"https:\/\/kriocomics.com.br\/site\/wp-content\/uploads\/2019\/06\/Celebrando-a-gera\u00e7\u00e3o-50-Fernanda-Abreu-Toni-Garrido-e-DJ-Mem\u00ea-450x445.jpg"},"woocommerce_thumbnail":{"file":"Celebrando-a-gera\u00e7\u00e3o-50-Fernanda-Abreu-Toni-Garrido-e-DJ-Mem\u00ea-300x300.jpg","width":300,"height":300,"uncropped":true,"mime_type":"image\/jpeg","source_url":"https:\/\/kriocomics.com.br\/site\/wp-content\/uploads\/2019\/06\/Celebrando-a-gera\u00e7\u00e3o-50-Fernanda-Abreu-Toni-Garrido-e-DJ-Mem\u00ea-300x300.jpg"},"woocommerce_gallery_thumbnail":{"file":"Celebrando-a-gera\u00e7\u00e3o-50-Fernanda-Abreu-Toni-Garrido-e-DJ-Mem\u00ea-100x100.jpg","width":100,"height":100,"mime_type":"image\/jpeg","source_url":"https:\/\/kriocomics.com.br\/site\/wp-content\/uploads\/2019\/06\/Celebrando-a-gera\u00e7\u00e3o-50-Fernanda-Abreu-Toni-Garrido-e-DJ-Mem\u00ea-100x100.jpg"},"shop_catalog":{"file":"Celebrando-a-gera\u00e7\u00e3o-50-Fernanda-Abreu-Toni-Garrido-e-DJ-Mem\u00ea-300x300.jpg","width":300,"height":300,"mime_type":"image\/jpeg","source_url":"https:\/\/kriocomics.com.br\/site\/wp-content\/uploads\/2019\/06\/Celebrando-a-gera\u00e7\u00e3o-50-Fernanda-Abreu-Toni-Garrido-e-DJ-Mem\u00ea-300x300.jpg"},"shop_thumbnail":{"file":"Celebrando-a-gera\u00e7\u00e3o-50-Fernanda-Abreu-Toni-Garrido-e-DJ-Mem\u00ea-100x100.jpg","width":100,"height":100,"mime_type":"image\/jpeg","source_url":"https:\/\/kriocomics.com.br\/site\/wp-content\/uploads\/2019\/06\/Celebrando-a-gera\u00e7\u00e3o-50-Fernanda-Abreu-Toni-Garrido-e-DJ-Mem\u00ea-100x100.jpg"},"full":{"file":"Celebrando-a-gera\u00e7\u00e3o-50-Fernanda-Abreu-Toni-Garrido-e-DJ-Mem\u00ea.jpg","width":450,"height":450,"mime_type":"image\/jpeg","source_url":"https:\/\/kriocomics.com.br\/site\/wp-content\/uploads\/2019\/06\/Celebrando-a-gera\u00e7\u00e3o-50-Fernanda-Abreu-Toni-Garrido-e-DJ-Mem\u00ea.jpg"}},"image_meta":{"aperture":"0","credit":"","camera":"","caption":"","created_timestamp":"0","copyright":"","focal_length":"0","iso":"0","shutter_speed":"0","title":"","orientation":"0","keywords":[]}},"post":null,"source_url":"https:\/\/kriocomics.com.br\/site\/wp-content\/uploads\/2019\/06\/Celebrando-a-gera\u00e7\u00e3o-50-Fernanda-Abreu-Toni-Garrido-e-DJ-Mem\u00ea.jpg","_links":{"self":[{"href":"https:\/\/kriocomics.com.br\/site\/wp-json\/wp\/v2\/media\/3808","targetHints":{"allow":["GET"]}}],"collection":[{"href":"https:\/\/kriocomics.com.br\/site\/wp-json\/wp\/v2\/media"}],"about":[{"href":"https:\/\/kriocomics.com.br\/site\/wp-json\/wp\/v2\/types\/attachment"}],"author":[{"embeddable":true,"href":"https:\/\/kriocomics.com.br\/site\/wp-json\/wp\/v2\/users\/2"}],"replies":[{"embeddable":true,"href":"https:\/\/kriocomics.com.br\/site\/wp-json\/wp\/v2\/comments?post=3808"}]}}

https://kriocomics.com.br/site/wp-content/uploads/2019/06/Celebrando-a-geração-50-Fernanda-Abreu-Toni-Garrido-e-DJ-Memê.jpg

Celebrando a geração 50+, Fernanda Abreu, Toni Garrido e DJ Memê

<p class="attachment"><a href='https://kriocomics.com.br/site/wp-content/uploads/2019/06/Celebrando-a-geração-50-Fernanda-Abreu-Toni-Garrido-e-DJ-Memê.jpg'><img loading="lazy" decoding="async" width="300" height="300" src="https://kriocomics.com.br/site/wp-content/uploads/2019/06/Celebrando-a-geração-50-Fernanda-Abreu-Toni-Garrido-e-DJ-Memê-300x300.jpg" class="attachment-medium size-medium" alt="" srcset="https://kriocomics.com.br/site/wp-content/uploads/2019/06/Celebrando-a-geração-50-Fernanda-Abreu-Toni-Garrido-e-DJ-Memê-300x300.jpg 300w, https://kriocomics.com.br/site/wp-content/uploads/2019/06/Celebrando-a-geração-50-Fernanda-Abreu-Toni-Garrido-e-DJ-Memê-150x150.jpg 150w, https://kriocomics.com.br/site/wp-content/uploads/2019/06/Celebrando-a-geração-50-Fernanda-Abreu-Toni-Garrido-e-DJ-Memê-100x100.jpg 100w, https://kriocomics.com.br/site/wp-content/uploads/2019/06/Celebrando-a-geração-50-Fernanda-Abreu-Toni-Garrido-e-DJ-Memê.jpg 450w" sizes="auto, (max-width: 300px) 100vw, 300px" /></a></p>

2019/06/Celebrando-a-geração-50-Fernanda-Abreu-Toni-Garrido-e-DJ-Memê.jpg

Celebrando-a-geração-50-Fernanda-Abreu-Toni-Garrido-e-DJ-Memê-150x150.jpg

https://kriocomics.com.br/site/wp-content/uploads/2019/06/Celebrando-a-geração-50-Fernanda-Abreu-Toni-Garrido-e-DJ-Memê-150x150.jpg

Celebrando-a-geração-50-Fernanda-Abreu-Toni-Garrido-e-DJ-Memê-300x300.jpg

https://kriocomics.com.br/site/wp-content/uploads/2019/06/Celebrando-a-geração-50-Fernanda-Abreu-Toni-Garrido-e-DJ-Memê-300x300.jpg

Celebrando-a-geração-50-Fernanda-Abreu-Toni-Garrido-e-DJ-Memê-392x272.jpg

https://kriocomics.com.br/site/wp-content/uploads/2019/06/Celebrando-a-geração-50-Fernanda-Abreu-Toni-Garrido-e-DJ-Memê-392x272.jpg

Celebrando-a-geração-50-Fernanda-Abreu-Toni-Garrido-e-DJ-Memê-390x205.jpg

https://kriocomics.com.br/site/wp-content/uploads/2019/06/Celebrando-a-geração-50-Fernanda-Abreu-Toni-Garrido-e-DJ-Memê-390x205.jpg

Celebrando-a-geração-50-Fernanda-Abreu-Toni-Garrido-e-DJ-Memê-130x90.jpg

https://kriocomics.com.br/site/wp-content/uploads/2019/06/Celebrando-a-geração-50-Fernanda-Abreu-Toni-Garrido-e-DJ-Memê-130x90.jpg

Celebrando-a-geração-50-Fernanda-Abreu-Toni-Garrido-e-DJ-Memê-450x445.jpg

https://kriocomics.com.br/site/wp-content/uploads/2019/06/Celebrando-a-geração-50-Fernanda-Abreu-Toni-Garrido-e-DJ-Memê-450x445.jpg

Celebrando-a-geração-50-Fernanda-Abreu-Toni-Garrido-e-DJ-Memê-100x100.jpg

https://kriocomics.com.br/site/wp-content/uploads/2019/06/Celebrando-a-geração-50-Fernanda-Abreu-Toni-Garrido-e-DJ-Memê-100x100.jpg

Celebrando-a-geração-50-Fernanda-Abreu-Toni-Garrido-e-DJ-Memê.jpg
